1.
-2
What is 1 - (2 - 3 - -4)?
-2
Calculate 1 - (-3 - -11 - 4 - 0).
-3
Calculate 5 + (-3 - (5 + -3 - 5)).
5
Calculate -1 + (-1 - 0) - (18 - 20).
0
What is -4 + 4 - (2 + 1 + -8)?
5
Calculate 1 - -10 - (-43 + 47).
7
Evaluate 2 - (4 - (-10 + 20)).
8
1 - 1 - (-9 + 5 + -2)
6
3 + -2 + 5 + -3
3
What is the value of -9 - (-9 + (10 - 12))?
2
Evaluate -1 - (0 + 6 + -3).
-4
-9 + 4 - (-3 - (1 + 1))
0
What is 0 - -3 - (-4 + 3 - 1)?
5
What is the value of (0 - -1) + 1 + 6 + -10?
-2
What is -6 - (-5 - 1 - -1)?
-1
What is -6 - -4 - 3 - (-1 + 1)?
-5
-8 - (-1 - 1 - (15 + -14))
-5
-1 + (8 + -15 - (4 - 5))
-7
Evaluate -1 - 1 - (5 + -7).
0
Evaluate 34 - 27 - (-1 + 4).
4
Calculate (-9 - -4) + 11 + -3 - 9.
-6
Evaluate (-1 - -4) + -20 + 12.
-5
(25 - 19) + 0 + -4
2
What is the value of (-2 - 0) + (-20 + 20 - -7)?
5
Evaluate -29 + 18 - (-18 + 4).
3
Evaluate 4 + -10 - (2 + -11).
3
(1 - 1 - -2) + (9 - 12)
-1
What is the value of 15 + -16 - (-1 + 0 + 1)?
-1
Evaluate 6 + -3 + -3 + 2 + 2.
4
What is -14 + 13 - (1 - 0)?
-2
Evaluate 3 + -6 + -5 + 9.
1
What is the value of 12 + -1 - (-59 - -78)?
-8
What is the value of -5 - -4 - (1 - (7 - 2))?
3
What is the value of 2 - ((-3 - -3) + 1)?
1
Evaluate (-3 - 1) + (-1 - (-16 + 5)).
6
Calculate -2 - (-2 + (-3 - (-5 - 0))).
-2
What is (-25 - -23) + (3 - -2)?
3
What is -3 + -1 + (2 - 4 - -3)?
-3
What is -2 + -1 + (3 + 0 - -2)?
2
What is the value of -14 - -13 - (13 - 4)?
-10
Calculate 0 - (-17 + 14 + -5).
8
What is (-5 - 0 - (0 + -5)) + 8?
8
Evaluate 5 + (-2 + -3 - (2 - 3)).
1
Calculate -1 + (2 - 2 - -9).
8
What is (-1 + -6 - -1) + 6?
0
What is the value of -7 - (-6 - (7 - 0))?
6
What is 5 + (-11 - (11 + -8))?
-9
Evaluate 1 + (6 - (5 + 8)) + -1.
-7
Calculate 0 + 0 + 7 - (78 + -73).
2
Evaluate -1 + 3 + 4 + (-17 - -6).
-5
(13 - 17) + (0 - -9)
5
Evaluate 130 - 115 - (2 - (-6 + 2)).
9
5 - 1 - -7 - 5
6
-6 - (-3 - 0) - -1
-2
Evaluate (-7 - 0) + -6 - -13.
0
Evaluate 1 + -4 - (-90 + 82).
5
What is (12 - 7) + -9 - 2 - 3?
-9
6 - (-11 - -28 - 3)
-8
What is 3 - (6 + 0) - (3 - -3)?
-9
What is the value of 9 + (0 + -2 - (6 + -4))?
5
(18 - 22) + 0 + 0 + 1
-3
Evaluate 4 - (1 + (2 - -2)).
-1
Calculate 1 + 15 + -5 - (8 - 2).
5
What is the value of -2 + (0 - 0 - 0)?
-2
What is -2 - (5 + (-6 + -2 - 2))?
3
Evaluate 13 + -10 + 2 + 0.
5
Evaluate -2 + -5 - (0 - 6).
-1
Calculate 3 + -2 + -5 + 2 + -1.
-3
What is the value of (-3 + 9 - 7) + (-5 - 1)?
-7
What is the value of 2 - ((0 - (4 - 1)) + -1)?
6
5 + 2 - (53 + -51)
5
116 + -122 - (3 + 0 + 0)
-9
Evaluate -9 - -21 - (7 - -9).
-4
Calculate 3 - (1 + 0 + -2).
4
4 + -5 + -1 + -3 + 2
-3
Calculate 5 - 8 - -4 - 4.
-3
Calculate -3 - -6 - 9 - (-1 + -7).
2
Evaluate (1 - -2) + -2 - -1.
2
Evaluate (5 - 11) + -2 - -2 - 0.
-6
Calculate 5 + (-11 - -10 - 5).
-1
Evaluate 11 + -18 + (1 - -2).
-4
Calculate 0 + -3 + (19 - 5 - 8).
3
-5 + 12 + -3 + -1
3
What is 0 + (-1 - -1) - (5 + -2)?
-3
What is the value of 3 + -8 - (-32 + 29)?
-2
10 + -4 + 0 + -8
-2
What is the value of -1 - -3 - (-73 - -73)?
2
Calculate 9 + 4 + -4 - 8.
1
Calculate -7 + (16 - (-8 + 11)) + 1.
7
What is the value of 9 - (16 - (7 - -6))?
6
-2 - -8 - (-4 + 3 + 6)
1
Evaluate 7 - 13 - (-1 + 0).
-5
-5 - (-7 + 0 - (-11 - -7))
-2
Evaluate 11 + -3 + 6 + -6.
8
-3 - 0 - (-3 + (12 - 8))
-4
Evaluate 13 - ((10 - 19) + 21).
1
Evaluate (8 - 16 - 4) + 9.
-3
What is 20 + -18 + -4 + 1?
-1
Evaluate -8 + (-9 - -27 - 4).
6
What is 4 - ((5 - (-2 - -1)) + -4)?
2
Evaluate -4 + (1 - 0) + 0.
-3
What is the value of (1 - (1 + 3)) + 22 + -19?
0
Calculate (3 - 10) + 2 + 1 + 0.
-4
What is the value of -5 + 1 - (20 - 26)?
2
Evaluate 2 + -4 - -7 - 7.
-2
What is the value of 9 - (12 - (8 + -16))?
-11
What is -1 + (-5 - -4) - -6?
4
Evaluate 12 - (0 - (0 + 1 + -6)).
7
Evaluate 0 + (10 - 7) + (-1 - 3).
-1
What is 1 + (2 - 0 - 4) + 2?
1
What is -7 + -5 + (7 - -3 - -1)?
-1
Calculate -1 + 1 + 2 + 3.
5
What is the value of -16 + 13 + 0 + 0 + -2?
-5
8 + -8 - -3 - (3 + 0)
0
What is the value of -4 + (-5 - -3) + (-4 - -7)?
-3
What is the value of 3 + -3 + (6 - 1)?
5
What is the value of 5 - (6 + (-4 - 1)) - 6?
-2
What is -3 + -1 - (-9 - (-9 + 4))?
0
What is the value of 9 - 7 - (3 + 3) - -11?
7
-3 + (11 - (8 - 3))
3
-2 - ((0 - -6) + -6)
-2
Calculate 26 + -21 - (1 + 1).
3
What is 4 + (-2 - (6 - 3) - 4)?
-5
15 + (4 - 8) + -6
5
What is the value of -2 - (-4 + 4) - (2 - -1)?
-5
Evaluate (-8 - -5) + 0 - -6.
3
What is -4 + (-6 - -5) - (-25 - -12)?
8
Calculate 7 + (-9 - (-4 - 0)).
2
Evaluate 2 - ((-4 - -3) + 3 - 5).
5
What is the value of -2 + -2 - (0 + -2 - 1)?
-1
Calculate 3 - (-3 + 1 - (4 + -8)).
1
Calculate (8 - 9) + 9 + -2.
6
What is 6 - (1 - -15 - 4)?
-6
What is the value of (0 - -4) + 15 + -23?
-4
Evaluate 2 + 1 + -2 - -4.
5
What is -1 - 2 - (-3 - (-2 + 2))?
0
What is -3 - (-8 + 3 + 7 + 0)?
-5
Evaluate -2 + 7 + -5 + 2 + 1.
3
What is the value of 10 + -12 + 10 - 10?
-2
Calculate (6 - 3) + -7 - -2.
-2
2 + (5 + -7 - (3 + -1))
-2
12 + (7 - 19) - -3
3
Calculate 1 - 6 - (-16 - 0 - -2).
9
3 + -2 + -3 - -2
0
-24 + 30 + (-6 - (-3 - -2))
1
Evaluate -1 - -8 - (-7 - (-13 + 2)).
3
What is 9 - (-10 - -7 - -8 - 2)?
6
What is -2 + (6 - -2 - 6)?
0
What is the value of 7 + 0 - 7 - (0 - 1)?
1
Evaluate -14 + 18 - (2 - -2).
0
What is the value of (-3 - -2) + (3 - 3) + 2?
1
0 + 5 - (45 + -37)
-3
Calculate 2 + (2 + 3 - 8).
-1
What is the value of -3 - (2 + -4 + (0 - -6))?
-7
7 + -2 - (5 - 2)
2
Calculate (4 - -2) + (27 - 32).
1
What is -33 + 27 + 0 + 1?
-5
What is the value of 3 + -1 + -3 + -2?
-3
What is the value of (-2 - 3 - 1) + 2?
-4
3 - (-3 + 3 + 0 - -1)
2
Evaluate (-4 + -3 - 1) + 3.
-5
Calculate (-4 - (-6 - -7)) + 0.
-5
Calculate 2 + -7 + 4 + -1.
-2
What is the value of -8 + 3 + 13 + -4?
4
-22 + (20 - 10) + 5
-7
Calculate 5 + 0 - (-76 - -78).
3
Calculate -1 - (-4 - (-5 - 2)) - 0.
-4
-9 + 0 + -2 + 5
-6
Evaluate 8 + -9 + 0 + 4.
3
Evaluate 2 + (-11 - (-1 - (4 - 1))).
-5
What is 2 + -4 + 3 + -5?
-4
What is (4 - 0) + (-3 - 9 - -13)?
5
0 + 8 + 9 + -14
3
-11 + (17 - 10) - (0 - 10)
6
What is the value of 0 - -3 - (-7 - -6)?
4
-2 + (3 - (4 + -2))
-1
What is 0 + -17 + 11 + -1 + 1?
-6
Calculate -8 + 0 + 1 + 8.
1
Evaluate 0 + (-16 + 4 - -13).
1
What is the value of 0 - (-4 - 0) - (31 - 32)?
5
(10 - 3) + -4 + -1
2
Calculate 5 - (5 - (-2 + (0 - -2))).
0
-2 - (1 - ((9 - 3) + -7))
-4
What is the value of (0 - (5 - 6)) + -5?
-4
-7 - (-7 - -10 - (5 - 0))
-5
What is the value of (26 - 25) + 0 + 1?
2
What is 2 - (-5 + 7) - -6?
6
What is -49 + 45 - (5 + -2)?
-7
Evaluate 9 - (-17 - -29) - (1 - 0).
-4
What is the value of 3 - (4 + -5 + -2 + 5)?
1
What is (1 - (0 + 2)) + 4?
3
Calculate 18 - 17 - (-1 - -7).
-5
3 + (-4 - -5) - (2 + -1)
3
Calculate -1 + (4 - 3) - (3 - 3).
0
Evaluate 4 + -1 + (-2 - 2).
-1
What is the value of (1 - -4) + -4 + 1 + 0?
2
What is 6 + -7 - (0 - -1) - -4?
2
What is the value of (0 - 0) + (0 - (-5 - -7))?
-2
1 + -4 + -1 + 6
2
4 - 28 - -4 - -13
-7
-5 + (11 - (-5 - -10))
1
Evaluate -6 + -1 - (-31 + 32).
-8
-3 - (3 - (6 - 3 - -4))
1
What is 0 + (-2 - (4 + -5)) + -3?
-4
What is the value of (-1 - 5 - -2) + 4?
0
Evaluate -2 + -5 + 2 + 1.
-4
What is the value of -4 - -1 - (-10 + 4) - -2?
5
What is the value of 5 - 4 - (-4 - -4)?
1
What is -2 - ((-4 - -8) + -5 + 3)?
-4
What is 7 + -4 - 4 - (0 - 0)?
-1
8 - (6 - (1 - -6) - -6)
3
What is 2 + -1 + 3 + -6 + 3?
1
Calculate -12 - (4 - 3 - 8).
-5
(-15 - -11) + -2 + -2
-8
Calculate 1 + -3 + 7 + -2.
3
Evaluate (-5 + -9 - -6) + 8.
0
Evaluate 0 - (-4 - 1 - (-22 - -14)).
-3
-15 + 14 + (3 - (0 + -2))
4
1 - (3 + 1 - 4)
1
What is 3 + (5 - 5) + 0 + 1?
4
Calculate (-8 - -12) + -2 + -3.
-1
Calculate -8 - (-3 - (0 - (6 + -6))).
-5
Calculate (-3 - 0) + 4 - 2.
-1
What is the value of -2 + (-5 - -12) + -9?
-4
What is the value of -17 + (-1 - -9) - -9?
0
Calculate (-7 - (-16 + 10)) + 4.
3
Calculate 10 - ((3 - 3) + 10).
0
What is -4 + 3 + (1 - -5)?
5
What is 0 + 7 + -5 + 3?
5
What is the value of 1 - ((-1 - -6) + (2 - 8))?
2
Evaluate 2 + (1 - (-4 - -4)) - 2.
1
Calculate -1 - -4 - (-14 + 18).
-1
What is the value of (4 - (12 + -11)) + (0 - 1)?
2
0 + 0 - (3 - -1)
-4
What is 5 + -1 + -13 + 12?
3
What is the value of 11 + -11 + (1 - -3)?
4
-1 - (1 - (-7 - -8))
-1
Evaluate 0 + -9 + 2 + (-3 - -6).
-4
Evaluate -7 - (1 + -3) - -4.
-1
What is the value of -3 - (19 + -19 + (0 - -4))?
-7
Evaluate (4 - 0 - (0 -